the units digit of u?
4
Suppose -3*t = 5*y - 116, 2*y = -2*y - t + 90. Suppose a = -y*a + 69. Suppose -a*p = -7*p, -3*x = p - 141. What is the tens digit of x?
4
What is the hundreds digit of 119/34*(4 - (-28932)/14)?
2
Suppose 4*b + 17*r - 31199 = 22*r, -7800 = -b + r. What is the hundreds digit of b?
8
Suppose -3*p - 3*a = 18, 0 = p - 3*a - 2. What is the units digit of (385 - (-5 - p)) + -1 + 2?
7
Suppose -4*i + 8*i - 11005 = -3*p, 0 = 5*p - i - 18334. What is the tens digit of p?
6
Let y = -331 + 335. Suppose -1224 = -2*i + y*k, 0*i + k - 2439 = -4*i. What is the units digit of i?
0
Suppose -5*j + 67 - 44 = -2*u, -2*u = 4*j - 22. Let y(v) = 24*v - 1. Let z(d) = -d + 1. Let b(k) = 3*y(k) + 6*z(k). What is the units digit of b(u)?
9
What is the units digit of ((-77052)/(-2))/3 + -6 + (-45)/(-5)?
5
Suppose -4*u + 2604 = 2*u. Let r = 1237 - u. What is the tens digit of r?
0
Let t = 154 + -86. Let d = t - 66. Suppose -216 = -3*m + 5*v, -320 = -3*m - d*m - 5*v. What is the tens digit of m?
6
Let w(i) = 454*i**2 + 86*i - 233. What is the thousands digit of w(-10)?
4
Let n = 76 + -63. Suppose 20*b = n*b. What is the tens digit of (-9 + -3)*14*(b - 1)?
6
Let l(b) = 10 + 3*b**2 + 11 - 7. Suppose 3*j - 26 = -8*y + 12*y, -20 = -2*j + 4*y. What is the units digit of l(j)?
2
Suppose 2*w + 144357 = 3*n + 13055, 2*w = 2*n - 87536. What is the hundreds digit of n?
7
Let r(m) be the first derivative of 17*m**3/3 + m**2/2 - 9*m + 62. What is the units digit of r(6)?
9
Suppose -527*w = -355*w - 3622148. What is the thousands digit of w?
1
Let x(a) be the second derivative of -2*a**3/3 - 27*a**2/2 + 16*a. Let l be x(-18). What is the tens digit of ((-90)/25)/((-6)/l)?
2
Let v = 13420 + 219. What is the ten thousands digit of v?
1
Let f(b) = 13*b + 48. Let m be f(-4). Let v(i) = -7*i**3 - 4*i**2 + i - 7. What is the hundreds digit of v(m)?
3
What is the units digit of 145*((-17)/102 + (-5446)/(-60))?
7
Let p = 500 + -716. What is the tens digit of (p/(-20))/(1/45)?
8
Suppose -2438 = -5*o + 2042. Suppose -444 = -p - v, -2*p + 3*v + o = v. What is the units digit of p?
6
Let y(h) = 4*h**2 + 3*h - 2. Let q be y(3). Suppose -56 - q = -3*o. Suppose -3*u = -o - 222. What is the units digit of u?
5
Suppose -m + 1 = w - 3*w, 3*w - 3 = 0. Let n be m*((-212)/6 - 0). Let v = 164 + n. What is the tens digit of v?
5
Let m(j) = 68*j + 8. Let z = -57 - -58. Let r be m(z). Suppose 0 = 12*t - r - 428. What is the units digit of t?
2
Suppose 4*o - 3*o + 77 = 0. Suppose 1437 = -6*b + 117. Let k = o - b. What is the units digit of k?
3
Let p(x) = x**2 + 5*x + 312. Let c = 168 + -168. What is the hundreds digit of p(c)?
3
Let l(o) = -90*o - 171. Let i be l(-11). Suppose 0 = 14*z + 231 - i. What is the tens digit of z?
4
Suppose 71*h = -5*h + 427804. What is the tens digit of h?
2
Suppose -408 = 19*g - 7*g. Let i = g - -44. What is the tens digit of 1424/i - 28/70?
4
Let z(x) = -127*x + 234. What is the tens digit of z(-26)?
3
Let q(t) = -2*t**2 - 9*t - 4. Let g be q(-4). Suppose g = -19*w + 18*w - 1230. What is the units digit of (-4)/(-28) + w/(-14)?
8
Let v = 19 + -16. Suppose 4*a - 2*l = v*l + 10, -3*a - 4*l = 8. Suppose -k + 35 + 51 = a. What is the units digit of k?
6
Let j = 72 + -69. Let b(m) = 0*m - 9*m + 5*m - 13*m**j + m**2 + 3*m. What is the units digit of b(-2)?
0
Let j be 16/8*(-2)/(-4) + 1075. Let v = 1854 - j. What is the hundreds digit of v?
7
Suppose 97 = 5*l + 17. Let b be (-4)/6*(-6 - (-984)/l). Let x = 57 + b. What is the units digit of x?
0
What is the thousands digit of -2*(-23932)/(-16)*(-120)/15?
3
Let a = 76 + -81. Let n(z) = -38*z + 35. Let i be n(a). What is the hundreds digit of (2*i/6)/((-1)/(-3))?
2
Let t(x) = 124*x**2 - 53*x + 936. What is the tens digit of t(13)?
0
Let j(w) = 206*w**2 - 19*w - 287. What is the hundreds digit of j(11)?
4
Suppose 222 = 9*p - 318. Let y = -55 + p. Let b(i) = 22*i - 4. What is the tens digit of b(y)?
0
Let a(f) be the first derivative of -14*f**2 - 6*f - 22. Let r = -10 + 7. What is the tens digit of a(r)?
7
Let q = -249 + 249. Suppose q = -s + 20*s - 9443. What is the hundreds digit of s?
4
Let d = 2055 - 1386. Let l = d + -207. What is the units digit of l?
2
Suppose 19 = 5*o - q - 31, 0 = -o + 3*q + 10. Let r = 2 - o. What is the units digit of (-266)/r - (-16)/(-64)?
3
Suppose -5*w = -14 + 9. Let n be w/(3 - (-6395)/(-2130)). What is the tens digit of (0 - n/9)/(2/6)?
4
Let l(o) = -o**2 - 4*o + 101. Let c be l(-15). Let h = c + 964. What is the tens digit of h?
0
Let i be (-66)/((-63)/(-600)*4)*-14. Let t = -297 + i. What is the hundreds digit of t?
9
Suppose 1 = 2*w - 3. What is the units digit of (-10941)/(-24) + w/16?
6
Suppose j + 77 = 121. What is the units digit of -103*(-240)/j - 6/(-33)?
2
Let v(n) = -123*n**2 - 3*n. Let z be v(2). What is the tens digit of (3/2)/((-1)/z)?
4
Let l(h) = 6*h**2 - 22*h - 6. Let w = 98 - 88. What is the hundreds digit of l(w)?
3
What is the units digit of 13504400/250 - 6/(-15)?
8
Suppose 2*n + r - 4 = 0, 0 = 4*n - 5*r + 4*r - 2. Let a be 104/((-1)/(-1)*n). Suppose d = -30 + a. What is the units digit of d?
4
Let h = -599 + 601. Suppose 18 = 3*k - 3*g, 2*k + 3*k = 4*g + 29. Suppose h*s - k*s = -270. What is the units digit of s?
0
Let b(m) = 318*m**2 - 3*m - 2. What is the thousands digit of b(2)?
1
Suppose 2*h = -i + 4934, 0 = 2*i + 3*h - 6*h - 9854. What is the units digit of i?
0
What is the hundreds digit of 4 - ((-80316)/48)/(3/60)?
4
Suppose 69894 = 205*j + 101*j - 58320. Suppose 182 = -3*z + 4*z. Let a = j - z. What is the units digit of a?
7
Let o(r) be the first derivative of r**4/2 - r**3/3 + r**2 + r - 35. Let l be o(0). What is the tens digit of (2/1 - l) + 3*33?
0
Suppose 3*c + c - 1680 = 0. Suppose -c = -31*m + 10*m. What is the tens digit of m?
2
Suppose 0 = -39*c + 286468 + 436904. What is the ten thousands digit of c?
1
Suppose 4*h - 64716 = 2*s, 176*s - 6 = 173*s. What is the units digit of h?
0
Let j(o) = -o**3 - 16*o**2 - 17*o - 22. Let t = -149 + 153. Suppose 3*v - 5*v - t*g = 24, 62 = -4*v - g. What is the units digit of j(v)?
0
Let j(r) = -r**3 - r**2 + r - 13. Let z be j(0). What is the hundreds digit of (52/(-7))/(z/1183)?
6
Let d = 18103 + 10667. What is the ten thousands digit of d?
2
Let o = 51346 - 33614. What is the thousands digit of o?
7
Let l(d) = 45*d**2 + 5*d + 30. Let o be l(-3). Suppose z - o = w, -2*z - 7*w = -4*w - 820. What is the hundreds digit of z?
4
Let r = -430 + 436. What is the hundreds digit of (r + 195)*(4 - 3)?
2
Suppose 0 = 6*y - 24*y + 36. Suppose -y*z - 581 = -5*b, b - z - 106 - 9 = 0. What is the units digit of b?
7
Suppose 3*p - 499 = -5*r, -10 = -2*p + r + 340. Suppose 6658 = 11*y - p. What is the hundreds digit of y?
6
Let z(a) = 291*a**2 - 2*a - 50. What is the hundreds digit of z(10)?
0
Let w = -44 - -48. Suppose 3*y = -5*x, w*x = -5*y - 0*y. Suppose 14*u - 1011 - 1257 = x. What is the hundreds digit of u?
1
Let v(c) be the second derivative of 19*c**3/6 + 222*c**2 + 12*c. What is the hundreds digit of v(0)?
4
Suppose 52*q - 347013 - 211155 = 0. What is the units digit of q?
4
Let k be 1316/35*(-10)/(-4). Suppose -4*x + 0*x + z - 145 = 0, 4*x + 151 = -z. Let a = k + x. What is the tens digit of a?
5
Let c(d) = -4*d + 28. Let b be c(6). Suppose 4*h + 2495 = -z + b*z, -2*z = 2*h - 1668. What is the tens digit of z?
3
Let n(r) = 113*r - 71. Let o be n(3). Suppose 2*m - 3*q - o = 0, -13*m + 10*m = 2*q - 389. What is the tens digit of m?
3
Suppose 2220*s + 27191 = l + 2225*s, -s = -2*l + 54316. What is the hundreds digit of l?
1
Let y be (22 - (-8 - -13))/((-2)/(-624)). Suppose 175*a = 179*a - y. What is the hundreds digit of a?
3
Suppose 404*i - 405*i = -2. Suppose 0 = 5*r - i*r - 504. What is the tens digit of r?
6
Let a(w) = -2*w**3 + 98*w**2 + w + 315. What is the thousands digit of a(35)?
4
Let k(o) = 7*o**2 + 52*o + 19. Let q be k(-7). What is the units digit of (q - -2) + 2*(-18)/(-4)?
9
Suppose 4*h + 6*i - 527 = i, -4*h = 4*i - 528. What is the tens digit of (3154/h)/((-2)/(-14))?
6
Let s(z) = -2*z**3 + 10*z**2 - 13*z + 3. Let q be s(3). Suppose -2*v + 4*o = -q*v - 204, -3*o = -4*v + 418. What is the tens digit of v?
0
Let q = -10578 - -15311. What is the units digit of q?
3
Suppose 48*m + 55968 = -0*m. Let h = -7